 -3*a + 0*a + m = -4*l, 0 = -4*a + 2*l + 5582. Is a a prime number?
False
Let o be -7 - (1 - -8161 - 5). Is (8/(-12))/(-2 + o/(-4083)) a prime number?
True
Let d = 3489 - -3552. Is d a prime number?
False
Let g = 333 + -147. Suppose -193*u + g*u = -9583. Is u a prime number?
False
Is (1005315/(-150)*2)/((-1)/5) a composite number?
False
Let v = 3096 - 2755. Is v a composite number?
True
Let a(g) = -105*g + 190*g + 5 + 258*g. Is a(11) prime?
False
Suppose 18*k = 11*k - 77. Is 1*(-6)/(k + 5) - -16546 a composite number?
False
Let a(z) = 216*z - 107. Let q be -10 + 426/12 + 2/(-4). Is a(q) a prime number?
False
Let f(a) = 398*a**2 + 17*a + 140. Let j be f(-18). Suppose -j = -26*q + 12*q. Is q a prime number?
True
Let z(h) = 124519*h**3 + h**2 + 130*h - 131. Is z(1) a composite number?
True
Let x be -2 + 3 + (-6 - 1455)*-6. Suppose 0 = 3*y - c - c - x, 0 = -5*y - 4*c + 14619. Is y a composite number?
True
Let y(w) = 66*w**2 + 7*w - 5. Let m be y(6). Let p be (528 - 18)/(3/(-4)). Let h = m + p. Is h a prime number?
True
Suppose -2*q = -24 - 46. Let y = q + -31. Suppose y*m + 776 = 8*m. Is m a composite number?
True
Let f = -956 + 501. Let k be f/21 - 2/(-3). Is ((-764)/2)/((12/k)/2) prime?
False
Suppose 0 = -6*h - 148 - 40568. Let n = -3205 - h. Is n a prime number?
True
Is (-682476)/(-420)*7*5 prime?
True
Let r(f) = 4*f**2 - 5*f + 7. Let i be r(2). Suppose 0 = v + 4*k - 12297, 0 = -i*v + 18*v + 2*k - 61503. Is v a prime number?
True
Suppose -48*y = -63*y + 31*y - 4036064. Is y a prime number?
False
Let d(c) = 2672*c**2 + 59*c + 70. Is d(11) a composite number?
False
Let d = -63645 - -154382. Is d a composite number?
True
Let b be (-20)/(-6)*((-54)/15)/3. Let j = b + 1007. Is j a prime number?
False
Let x(a) = 42*a**2 + 19*a + 6. Suppose 0 = -4*u + 26 - 54. Is x(u) a composite number?
False
Let i(t) = -20*t - 95. Let u be i(-7). Suppose -49*v = -u*v - 34964. Is v prime?
True
Suppose 18 + 34 = 2*w. Suppose 5532 = w*s - 36614. Is s a composite number?
False
Let l(r) = 273*r**2 + 2 + r + r - 8*r**2. Let q be l(-1). Suppose 6*o - q = o. Is o prime?
True
Let o(j) = 9 - 399*j + 4 - 4106*j. Is o(-2) a composite number?
True
Suppose -2*z = 4*z + 60. Let j(h) = h**3 + 12*h**2 + 4*h. Let n be j(z). Let o = 239 - n. Is o a prime number?
True
Suppose -3*w + c - 3766 = 0, 4*w - 5*c + 5420 = 395. Let q = w - -2013. Suppose -4*a - q = -6*a. Is a a composite number?
False
Suppose 1540*r - 3965714 = 1538*r + 3*d, 0 = 3*r - 4*d - 5948575. Is r composite?
True
Suppose 0*d = -2*y - 2*d + 24, 0 = -4*y + 5*d + 21. Let b be 3641/(-7) + 536/469. Is y/((-45)/(-10)) - b a prime number?
True
Let g(l) = -l**2 - 23*l + 37. Let r be g(0). Let m(d) = 644*d + 153. Is m(r) composite?
False
Suppose -3*t = 5*i + 6, -5 = i - 2. Suppose 4*q + 2838 = 3*x, -t*q = -q. Let s = -332 + x. Is s a composite number?
True
Suppose 5*u + 3*c - 6*c = 4951, 5*c + 2977 = 3*u. Suppose 0 = y - 5*o - u, 4*y - 5*o - 960 = 3056. Is y a prime number?
True
Let o(i) = 428*i**2 + 356*i - 73. Is o(-22) a composite number?
False
Let y = 668795 - 388408. Is y composite?
True
Suppose 0 = -7*c + 220468 + 79545. Is c a composite number?
False
Let w(c) = 4*c**2 + 20*c - 43. Suppose 0 = -0*z - 3*z - 54. Is w(z) a composite number?
True
Suppose -5*q = a - 2876, -2*a - 1132 = -2*q - 7*a. Let d(b) = 5 - 383*b - q*b - 625*b. Is d(-1) a composite number?
True
Suppose -11*f - 68395 - 1719246 = -52*f. Is f a composite number?
True
Suppose -3*i - 1678383 = -5*d, 2*d + i = 491573 + 179789. Is d prime?
False
Is 12/(-8)*16/72 + 22918/3 composite?
False
Suppose 3011856 + 2714058 + 2991494 = 32*w. Is w a prime number?
False
Let s(r) = 8*r**2 - 97*r + 2587. Is s(94) a prime number?
True
Let d(p) = -5*p + 5. Let u be d(-1). Suppose -5 = -q + u. Is 3/(q/5575) - -2 a composite number?
False
Suppose 4*c = 0, 5*c = 5*r + 3*c. Suppose -2*w = -3*g - 13, r = -4*w + g - 5*g - 24. Is 768 - -11 - (w - 1) composite?
True
Let q(j) = -3*j + 17. Let t be q(4). Suppose t*a + a = 390. Let c = a - -44. Is c a prime number?
True
Suppose -61*k = -64*k - 1716. Let n = k - -863. Is n a prime number?
False
Let k be (-2)/4 + (-1541)/46. Let i = k + 77. Suppose -i*z + 48*z = 4255. Is z composite?
True
Suppose 4*l - 85467 = -r - 29220, -4*l + 112494 = 2*r. Is r composite?
True
Let q = -24 - 10. Let a be (-786)/(-46) - (-14)/(-161). Let g = a - q. Is g a composite number?
True
Suppose -12 = -7*i + 16. Suppose -2*g + 2315 = 3*y, 6*g + 5*y - 2313 = i*g. Is g a prime number?
False
Let t(l) = -108*l + 405*l - 252 + 253. Let c be t(1). Suppose -1073 = -3*r + c. Is r prime?
True
Suppose -47*u + 50*u + 64410 = 3*y, -5*y + 4*u = -107347. Is y composite?
False
Suppose -5*v + 69450 = a, 4*v - 4*a - 21465 - 34119 = 0. Is v composite?
True
Let v = -172 - -174. Suppose 0 = v*i + l - 21318, l = 4*i + i - 53309. Is i prime?
False
Let n be (-2)/3 + 2/12*-134. Let a(h) = -h**3 - 23*h**2 + 3. Let l be a(n). Is (-1437)/(-2)*(7/(-3) + l) prime?
True
Suppose -5*w = -6 + 11, -3*w - 263198 = -5*o. Is o a composite number?
False
Suppose -3*t + 6 = -2*k + 10, -k + 2 = -2*t. Suppose h - 3*f - 22369 = t, 44782 = 3*h - h + 5*f. Is h prime?
True
Suppose o + 75747 = y + 29286, 3*y - 5*o = 139379. Is y prime?
False
Suppose -2*p - 19 = -p. Let t = 23 + p. Suppose 4*w - 4*b = w + 471, -4*w - t*b + 656 = 0. Is w composite?
True
Let z(v) = 488*v + 22 + 319*v - 8 - 230*v. Let m be z(4). Let c = -1189 + m. Is c a composite number?
True
Suppose -72*j + 33*j = -37*j - 239494. Is j composite?
False
Suppose y + 0 = 4*m - 2, 5*m = -3*y + 11. Suppose 0 = 5*w - 2*z + 3*z + 3, 3*w = y*z + 6. Suppose 4*i = w, 7*o - 2*i - 705 = 2*o. Is o a prime number?
False
Is -879*2384/(-48)*(-2 - -3) prime?
False
Is 343948/242*11*(2*1)/4 prime?
True
Let h(c) = 82*c - 12. Let t be h(2). Is t/24*(-153)/(-6)*2 a composite number?
True
Let v = -18 + 22. Let o(j) = 79*j - j**3 - 34*j + 10*j**2 - v - 39*j. Is o(7) prime?
False
Suppose 6*s - 2*s + 14*r = 272, 4*s - 5*r - 234 = 0. Let d be (-1 - 0) + 2 + 453. Let y = s + d. Is y prime?
False
Let u(y) = -16*y**3 - 3*y**2 + 5*y + 3. Let p(t) = 2*t**2 + 9*t + 6. Let i be p(-4). Suppose 0*d = -2*d - s - 5, 2*d = -i*s. Is u(d) a prime number?
False
Let t(s) = 373*s**2 + 7*s - 13. Is t(-8) prime?
False
Let o(a) = 8*a**2 + 27*a + 22. Let p be o(-10). Let v = 843 - p. Is v a prime number?
False
Let a(u) = -u**2 - u - 4. Let s be a(-5). Let o be (s/63 + 4/(-14))*-3. Suppose -3*b - x + 1478 = o*b, -b = -x - 292. Is b a prime number?
False
Is (-128)/96*2458089/(-12) prime?
False
Let h = -575420 + 908517. Is h a prime number?
True
Suppose -78270 = 8*w - 10*w. Is (3/9)/(5/w) a prime number?
True
Let o(s) = 205*s**2 + 5*s + 5. Let g be 184/(-30) + (-8)/(-60). Is o(g) prime?
False
Let x(y) = 71*y**2 + 2*y + 30. Let s(d) = -141*d**2 - 5*d - 59. Let w(k) = -4*s(k) - 7*x(k). Is w(7) a prime number?
False
Let a(d) = 1758*d**2 + 12*d + 20. Let c be a(-2). Let l = -4873 + c. Is l prime?
False
Let q be 3 - (-2 - 1438)*1. Let f = q - 884. Is f a composite number?
True
Let s(r) = 74*r**2 - 3*r + 1. Let z be s(1). Let g(b) = z - 135 + 68 + 49*b. Is g(8) composite?
False
Let n be 1628/185 - 8/10. Let v(o) = 221*o - 35. Is v(n) a prime number?
True
Let x(p) = 157*p**2 - 7*p + 32. Let y be x(5). Suppose -6884 = -6*n + y. Is n composite?
False
Let o be 152/(-20) - 3/(-15)*-2. Let l(u) = u**3 + 12*u**2 + 4*u - 3. Let s be l(o). Suppose -a + s = -2*f, 48 = -a + f + 265. Is a a prime number?
False
Let v be (-3 - -2) + 3 - -6. Suppose -5*f + 2 = -v. Suppose i + 518 = 2*g + 3*i, -10 = -f*i. Is g a composite number?
True
Let j(n) = 200*n - 81. Let s(i) = 400*i - 162. Let f(v) = 7*j(v) - 3*s(v). Is f(5) a composite number?
False
Let t be -7*28/10 + (-6)/15. Let g be 45/t + 2 - 517/(-4). Suppose 8*j = 11*j - g. Is j a prime number?
True
Let y(l) = -2*l**3 - 13*l**2 - 2*l + 4. Let k be y(-6). Let z(c) = -c - 14. Let d be z(-14). Is d/(k/(-4)) - -649 a composite number?
True
Let x = 701084 + -363087. Is x composite?
True
Let h(b) = -27*b**3 - 5*b**2 - 3*b + 5. Let s be h(4). Let y = 2966 + s. Is y a composite number?
False
Suppose 0 = -8*j + 5*j + 12. Suppose c - q - 2 = 3*c, -5*c + j*q + 8 = 0. Suppose -4*x + 1953 = g, c = 2*x - 3*x + 3*g + 472. Is x prime?
True
Suppose -5*j + 10 = 2*c, 6*j = 2*j - c + 8.